{"id":5024,"date":"2024-04-06T18:58:37","date_gmt":"2024-04-06T18:58:37","guid":{"rendered":"https:\/\/true-ink.fr\/?page_id=5024"},"modified":"2024-06-06T13:39:01","modified_gmt":"2024-06-06T13:39:01","slug":"soins-percing-v33","status":"publish","type":"page","link":"https:\/\/true-ink.fr\/?page_id=5024","title":{"rendered":"Soins Piercings"},"content":{"rendered":"\t\t<div data-elementor-type=\"wp-page\" data-elementor-id=\"5024\" class=\"elementor elementor-5024\" data-elementor-post-type=\"page\">\n\t\t\t\t\t\t\t<div class=\"elementor-element elementor-element-3dd6a6e e-con-full e-flex e-con e-parent\" data-id=\"3dd6a6e\" data-element_type=\"container\" data-settings=\"{&quot;content_width&quot;:&quot;full&quot;}\" data-core-v316-plus=\"true\">\n\t\t\t\t<div class=\"elementor-element elementor-element-d009455 elementor-widget elementor-widget-tristero_core_pricing_table\" data-id=\"d009455\" data-element_type=\"widget\" data-widget_type=\"tristero_core_pricing_table.default\">\n\t\t\t\t<div class=\"elementor-widget-container\">\n\t\t\t<div class=\"qodef-shortcode qodef-m  qodef-pricing-table qodef-layout--standard qodef-status--regular\" >\n\t<div class=\"qodef-m-inner\">\n\t\t\t<div class=\"qodef-m-title\">\n\t\t<p style=\"color: #000000\">SOINS<\/p>\n\t<\/div>\n\t\t\t<div class=\"qodef-m-price\">\n\t\t<div class=\"qodef-m-price-wrapper qodef-h2\" >\n\t\t\t<span class=\"qodef-m-price-value\">Informations<\/span>\n\t\t\t\t\t<\/div>\n\t<\/div>\n\t\t\t\t\t<div class=\"qodef-m-button clear\">\n\t\t<a class=\"qodef-shortcode qodef-m  qodef-button qodef-layout--textual  qodef-html--link\" href=\"\" target=\"_self\"  >\t<span class=\"qodef-m-text\"><\/span><\/a>\t<\/div>\n\t<\/div>\n<\/div>\t\t<\/div>\n\t\t\t\t<\/div>\n\t\t\t\t<\/div>\n\t\t\t\t<section class=\"elementor-section elementor-top-section elementor-element elementor-element-cbb1988 elementor-section-boxed elementor-section-height-default elementor-section-height-default qodef-elementor-content-no\" data-id=\"cbb1988\" data-element_type=\"section\">\n\t\t\t\t\t\t<div class=\"elementor-container elementor-column-gap-default\">\n\t\t\t\t\t<div class=\"elementor-column elementor-col-25 elementor-top-column elementor-element elementor-element-a667718\" data-id=\"a667718\" data-element_type=\"column\">\n\t\t\t<div class=\"elementor-widget-wrap elementor-element-populated\">\n\t\t\t\t\t\t\t\t<div class=\"elementor-element elementor-element-3631f8b elementor-widget elementor-widget-tristero_core_pricing_table\" data-id=\"3631f8b\" data-element_type=\"widget\" data-widget_type=\"tristero_core_pricing_table.default\">\n\t\t\t\t<div class=\"elementor-widget-container\">\n\t\t\t<div class=\"qodef-shortcode qodef-m  qodef-pricing-table qodef-layout--standard qodef-status--regular\" >\n\t<div class=\"qodef-m-inner\">\n\t\t\t<div class=\"qodef-m-title\">\n\t\t<p style=\"color: #000000\">Soins Piercing<\/p>\n\t<\/div>\n\t\t\t\t\t<div class=\"qodef-m-content\"><p><img loading=\"lazy\" decoding=\"async\" class=\"alignnone wp-image-5027 size-full\" src=\"https:\/\/true-ink.fr\/wp-content\/uploads\/2024\/04\/img22.fw_-1.png\" alt=\"\" width=\"118\" height=\"104\" \/><\/p><ul><li style=\"text-align: left;\">R\u00e9alisez les soins 2 fois par jour pendant 2 semaines<\/li><\/ul><\/div>\n\t\t\t<div class=\"qodef-m-button clear\">\n\t\t<a class=\"qodef-shortcode qodef-m  qodef-button qodef-layout--textual  qodef-html--link\" href=\"\" target=\"_self\"  >\t<span class=\"qodef-m-text\"><\/span><\/a>\t<\/div>\n\t<\/div>\n<\/div>\t\t<\/div>\n\t\t\t\t<\/div>\n\t\t\t\t\t<\/div>\n\t\t<\/div>\n\t\t\t\t<div class=\"elementor-column elementor-col-25 elementor-top-column elementor-element elementor-element-18bbd71\" data-id=\"18bbd71\" data-element_type=\"column\">\n\t\t\t<div class=\"elementor-widget-wrap elementor-element-populated\">\n\t\t\t\t\t\t\t\t<div class=\"elementor-element elementor-element-358d0a3 elementor-widget elementor-widget-tristero_core_pricing_table\" data-id=\"358d0a3\" data-element_type=\"widget\" data-widget_type=\"tristero_core_pricing_table.default\">\n\t\t\t\t<div class=\"elementor-widget-container\">\n\t\t\t<div class=\"qodef-shortcode qodef-m  qodef-pricing-table qodef-layout--standard qodef-status--regular\" >\n\t<div class=\"qodef-m-inner\">\n\t\t\t<div class=\"qodef-m-title\">\n\t\t<p >Soins Piercing<\/p>\n\t<\/div>\n\t\t\t\t\t<div class=\"qodef-m-content\"><p><img loading=\"lazy\" decoding=\"async\" class=\"alignnone wp-image-5542 size-full\" src=\"https:\/\/true-ink.fr\/wp-content\/uploads\/2024\/04\/imgmains.fw_.png\" alt=\"\" width=\"110\" height=\"99\" \/><\/p><ul><li style=\"text-align: left;\">Lavez-vous les mains avant de toucher votre piercing<\/li><\/ul><\/div>\n\t\t\t<div class=\"qodef-m-button clear\">\n\t\t<a class=\"qodef-shortcode qodef-m  qodef-button qodef-layout--textual  qodef-html--link\" href=\"\" target=\"_self\"  >\t<span class=\"qodef-m-text\"><\/span><\/a>\t<\/div>\n\t<\/div>\n<\/div>\t\t<\/div>\n\t\t\t\t<\/div>\n\t\t\t\t\t<\/div>\n\t\t<\/div>\n\t\t\t\t<div class=\"elementor-column elementor-col-25 elementor-top-column elementor-element elementor-element-06c3a25\" data-id=\"06c3a25\" data-element_type=\"column\">\n\t\t\t<div class=\"elementor-widget-wrap elementor-element-populated\">\n\t\t\t\t\t\t\t\t<div class=\"elementor-element elementor-element-8ea9af7 elementor-widget elementor-widget-tristero_core_pricing_table\" data-id=\"8ea9af7\" data-element_type=\"widget\" data-widget_type=\"tristero_core_pricing_table.default\">\n\t\t\t\t<div class=\"elementor-widget-container\">\n\t\t\t<div class=\"qodef-shortcode qodef-m  qodef-pricing-table qodef-layout--standard qodef-status--regular\" >\n\t<div class=\"qodef-m-inner\">\n\t\t\t<div class=\"qodef-m-title\">\n\t\t<p >Soins Piercing<\/p>\n\t<\/div>\n\t\t\t\t\t<div class=\"qodef-m-content\"><p><img loading=\"lazy\" decoding=\"async\" class=\"alignnone size-full wp-image-5029\" src=\"https:\/\/true-ink.fr\/wp-content\/uploads\/2024\/04\/img233.fw_.png\" alt=\"\" width=\"94\" height=\"88\" \/><\/p><ul><li style=\"text-align: left;\">Utiliser un savon PH neutre type : septivon \/ cyteal pendant 2 semaines matin et soir<\/li><li style=\"text-align: left;\">Pour les Piercings intimes utiliser le cyteal<\/li><li style=\"text-align: left;\">Rincer abondamment \u00e0 l'eau ti\u00e8de, s\u00e9cher avec une compresse non tiss\u00e9e ou une serviette propre<\/li><\/ul><\/div>\n\t\t\t<div class=\"qodef-m-button clear\">\n\t\t<a class=\"qodef-shortcode qodef-m  qodef-button qodef-layout--textual  qodef-html--link\" href=\"\" target=\"_self\"  >\t<span class=\"qodef-m-text\"><\/span><\/a>\t<\/div>\n\t<\/div>\n<\/div>\t\t<\/div>\n\t\t\t\t<\/div>\n\t\t\t\t\t<\/div>\n\t\t<\/div>\n\t\t\t\t<div class=\"elementor-column elementor-col-25 elementor-top-column elementor-element elementor-element-1abdc52\" data-id=\"1abdc52\" data-element_type=\"column\">\n\t\t\t<div class=\"elementor-widget-wrap elementor-element-populated\">\n\t\t\t\t\t\t\t\t<div class=\"elementor-element elementor-element-e50d9ee elementor-widget elementor-widget-tristero_core_pricing_table\" data-id=\"e50d9ee\" data-element_type=\"widget\" data-widget_type=\"tristero_core_pricing_table.default\">\n\t\t\t\t<div class=\"elementor-widget-container\">\n\t\t\t<div class=\"qodef-shortcode qodef-m  qodef-pricing-table qodef-layout--standard qodef-status--regular\" >\n\t<div class=\"qodef-m-inner\">\n\t\t\t<div class=\"qodef-m-title\">\n\t\t<p >Soins Piercing<\/p>\n\t<\/div>\n\t\t\t\t\t<div class=\"qodef-m-content\"><p><img loading=\"lazy\" decoding=\"async\" class=\"alignnone size-full wp-image-5033\" src=\"https:\/\/true-ink.fr\/wp-content\/uploads\/2024\/04\/img24443.fw_.png\" alt=\"\" width=\"194\" height=\"80\" \/><\/p><ul><li style=\"text-align: left;\">Ne pas toucher votre piercing avec les mains sales<\/li><li style=\"text-align: left;\">Ne pas tourner votre piercing ni arracher les cro\u00fbtes durant les soins et la p\u00e9riode de cicatrisation ! Ne pas dormir sur votre piercing.<\/li><\/ul><\/div>\n\t\t\t<div class=\"qodef-m-button clear\">\n\t\t<a class=\"qodef-shortcode qodef-m  qodef-button qodef-layout--textual  qodef-html--link\" href=\"\" target=\"_self\"  >\t<span class=\"qodef-m-text\"><\/span><\/a>\t<\/div>\n\t<\/div>\n<\/div>\t\t<\/div>\n\t\t\t\t<\/div>\n\t\t\t\t\t<\/div>\n\t\t<\/div>\n\t\t\t\t\t\t\t<\/div>\n\t\t<\/section>\n\t\t\t\t<section class=\"elementor-section elementor-top-section elementor-element elementor-element-064a339 elementor-section-boxed elementor-section-height-default elementor-section-height-default qodef-elementor-content-no\" data-id=\"064a339\" data-element_type=\"section\">\n\t\t\t\t\t\t<div class=\"elementor-container elementor-column-gap-default\">\n\t\t\t\t\t<div class=\"elementor-column elementor-col-25 elementor-top-column elementor-element elementor-element-fbcfbc4\" data-id=\"fbcfbc4\" data-element_type=\"column\">\n\t\t\t<div class=\"elementor-widget-wrap elementor-element-populated\">\n\t\t\t\t\t\t\t\t<div class=\"elementor-element elementor-element-be7783a elementor-widget elementor-widget-tristero_core_pricing_table\" data-id=\"be7783a\" data-element_type=\"widget\" data-widget_type=\"tristero_core_pricing_table.default\">\n\t\t\t\t<div class=\"elementor-widget-container\">\n\t\t\t<div class=\"qodef-shortcode qodef-m  qodef-pricing-table qodef-layout--standard qodef-status--regular\" >\n\t<div class=\"qodef-m-inner\">\n\t\t\t<div class=\"qodef-m-title\">\n\t\t<p style=\"color: #000000\">Soins Piercing<\/p>\n\t<\/div>\n\t\t\t\t\t<div class=\"qodef-m-content\"><p><img loading=\"lazy\" decoding=\"async\" class=\"alignnone wp-image-5072 size-full\" src=\"https:\/\/true-ink.fr\/wp-content\/uploads\/2024\/04\/soin5.fw_.png\" alt=\"\" width=\"111\" height=\"97\" \/><\/p><ul><li style=\"text-align: left;\">Pas de bain de mer, piscine, rivi\u00e8re pendant 2 \u00e0 3 semaines<\/li><\/ul><\/div>\n\t\t\t<div class=\"qodef-m-button clear\">\n\t\t<a class=\"qodef-shortcode qodef-m  qodef-button qodef-layout--textual  qodef-html--link\" href=\"\" target=\"_self\"  >\t<span class=\"qodef-m-text\"><\/span><\/a>\t<\/div>\n\t<\/div>\n<\/div>\t\t<\/div>\n\t\t\t\t<\/div>\n\t\t\t\t\t<\/div>\n\t\t<\/div>\n\t\t\t\t<div class=\"elementor-column elementor-col-25 elementor-top-column elementor-element elementor-element-238161e\" data-id=\"238161e\" data-element_type=\"column\">\n\t\t\t<div class=\"elementor-widget-wrap elementor-element-populated\">\n\t\t\t\t\t\t\t\t<div class=\"elementor-element elementor-element-3672cf4 elementor-widget elementor-widget-tristero_core_pricing_table\" data-id=\"3672cf4\" data-element_type=\"widget\" data-widget_type=\"tristero_core_pricing_table.default\">\n\t\t\t\t<div class=\"elementor-widget-container\">\n\t\t\t<div class=\"qodef-shortcode qodef-m  qodef-pricing-table qodef-layout--standard qodef-status--regular\" >\n\t<div class=\"qodef-m-inner\">\n\t\t\t<div class=\"qodef-m-title\">\n\t\t<p >Soins Piercing<\/p>\n\t<\/div>\n\t\t\t\t\t<div class=\"qodef-m-content\"><p><img loading=\"lazy\" decoding=\"async\" class=\"alignnone wp-image-5073 size-full\" src=\"https:\/\/true-ink.fr\/wp-content\/uploads\/2024\/04\/soin6.fw_.png\" alt=\"\" width=\"122\" height=\"101\" \/><\/p><ul><li style=\"text-align: left;\">Pour les piercings buccaux, bain de bouche sans alcool pendant 1 \u00e0 2 semaines<\/li><li style=\"text-align: left;\">Mangez principalement des produits frais ou froids pour r\u00e9duire les risques de gonflements.<\/li><li>Ne pas fumer ni boire d'alcool pendant les 3 semaines de cicatrisation<\/li><\/ul><\/div>\n\t\t\t<div class=\"qodef-m-button clear\">\n\t\t<a class=\"qodef-shortcode qodef-m  qodef-button qodef-layout--textual  qodef-html--link\" href=\"\" target=\"_self\"  >\t<span class=\"qodef-m-text\"><\/span><\/a>\t<\/div>\n\t<\/div>\n<\/div>\t\t<\/div>\n\t\t\t\t<\/div>\n\t\t\t\t\t<\/div>\n\t\t<\/div>\n\t\t\t\t<div class=\"elementor-column elementor-col-25 elementor-top-column elementor-element elementor-element-9cd2e10\" data-id=\"9cd2e10\" data-element_type=\"column\">\n\t\t\t<div class=\"elementor-widget-wrap elementor-element-populated\">\n\t\t\t\t\t\t\t\t<div class=\"elementor-element elementor-element-026bcf2 elementor-widget elementor-widget-tristero_core_pricing_table\" data-id=\"026bcf2\" data-element_type=\"widget\" data-widget_type=\"tristero_core_pricing_table.default\">\n\t\t\t\t<div class=\"elementor-widget-container\">\n\t\t\t<div class=\"qodef-shortcode qodef-m  qodef-pricing-table qodef-layout--standard qodef-status--regular\" >\n\t<div class=\"qodef-m-inner\">\n\t\t\t<div class=\"qodef-m-title\">\n\t\t<p >Soins Piercing<\/p>\n\t<\/div>\n\t\t\t\t\t<div class=\"qodef-m-content\"><p><img loading=\"lazy\" decoding=\"async\" class=\"alignnone wp-image-5078 size-full\" src=\"https:\/\/true-ink.fr\/wp-content\/uploads\/2024\/04\/soin7.fw_.png\" alt=\"\" width=\"124\" height=\"85\" \/><\/p><ul><li style=\"text-align: left;\">Au bout de 15 jours apr\u00e8s la douche \u00e0 l'eau ti\u00e8de, nettoyer doucement avec une compresse non tiss\u00e9e ou un coton tige imbib\u00e9 de s\u00e9rum physiologique<\/li><li style=\"text-align: left;\">Ne jamais tourner le piercing ou arracher les cro\u00fbtes<\/li><\/ul><\/div>\n\t\t\t<div class=\"qodef-m-button clear\">\n\t\t<a class=\"qodef-shortcode qodef-m  qodef-button qodef-layout--textual  qodef-html--link\" href=\"\" target=\"_self\"  >\t<span class=\"qodef-m-text\"><\/span><\/a>\t<\/div>\n\t<\/div>\n<\/div>\t\t<\/div>\n\t\t\t\t<\/div>\n\t\t\t\t\t<\/div>\n\t\t<\/div>\n\t\t\t\t<div class=\"elementor-column elementor-col-25 elementor-top-column elementor-element elementor-element-ca94c6e\" data-id=\"ca94c6e\" data-element_type=\"column\">\n\t\t\t<div class=\"elementor-widget-wrap elementor-element-populated\">\n\t\t\t\t\t\t\t\t<div class=\"elementor-element elementor-element-2b56fa0 elementor-widget elementor-widget-tristero_core_pricing_table\" data-id=\"2b56fa0\" data-element_type=\"widget\" data-widget_type=\"tristero_core_pricing_table.default\">\n\t\t\t\t<div class=\"elementor-widget-container\">\n\t\t\t<div class=\"qodef-shortcode qodef-m  qodef-pricing-table qodef-layout--standard qodef-status--regular\" >\n\t<div class=\"qodef-m-inner\">\n\t\t\t<div class=\"qodef-m-title\">\n\t\t<p >Soins Piercing<\/p>\n\t<\/div>\n\t\t\t\t\t<div class=\"qodef-m-content\"><p><img loading=\"lazy\" decoding=\"async\" class=\"alignnone wp-image-5082 size-full\" src=\"https:\/\/true-ink.fr\/wp-content\/uploads\/2024\/04\/soin8.fw_.png\" alt=\"\" width=\"105\" height=\"71\" \/><\/p><ul><li style=\"text-align: left;\">Apr\u00e8s avoir r\u00e9alis\u00e9 un piercing toujours garder un \u0153il<\/li><li style=\"text-align: left;\">Assurez-vous qu'il ne devienne pas douloureux, rouge ou gonfl\u00e9<\/li><\/ul><\/div>\n\t\t\t<div class=\"qodef-m-button clear\">\n\t\t<a class=\"qodef-shortcode qodef-m  qodef-button qodef-layout--textual  qodef-html--link\" href=\"\" target=\"_self\"  >\t<span class=\"qodef-m-text\"><\/span><\/a>\t<\/div>\n\t<\/div>\n<\/div>\t\t<\/div>\n\t\t\t\t<\/div>\n\t\t\t\t\t<\/div>\n\t\t<\/div>\n\t\t\t\t\t\t\t<\/div>\n\t\t<\/section>\n\t\t\t\t\t\t\t<\/div>\n\t\t","protected":false},"excerpt":{"rendered":"<p>SOINS Informations Soins Piercing R\u00e9alisez les soins 2 fois par jour pendant 2 semaines Soins Piercing Lavez-vous les mains avant de toucher votre piercing Soins Piercing Utiliser un savon PH neutre type : septivon \/ cyteal pendant 2 semaines matin et soir Pour les Piercings intimes utiliser le cyteal Rincer abondamment \u00e0 l&rsquo;eau ti\u00e8de, s\u00e9cher [&hellip;]<\/p>\n","protected":false},"author":1,"featured_media":0,"parent":0,"menu_order":0,"comment_status":"closed","ping_status":"closed","template":"page-full-width.php","meta":{"footnotes":""},"class_list":["post-5024","page","type-page","status-publish","hentry"],"_links":{"self":[{"href":"https:\/\/true-ink.fr\/index.php?rest_route=\/wp\/v2\/pages\/5024","targetHints":{"allow":["GET"]}}],"collection":[{"href":"https:\/\/true-ink.fr\/index.php?rest_route=\/wp\/v2\/pages"}],"about":[{"href":"https:\/\/true-ink.fr\/index.php?rest_route=\/wp\/v2\/types\/page"}],"author":[{"embeddable":true,"href":"https:\/\/true-ink.fr\/index.php?rest_route=\/wp\/v2\/users\/1"}],"replies":[{"embeddable":true,"href":"https:\/\/true-ink.fr\/index.php?rest_route=%2Fwp%2Fv2%2Fcomments&post=5024"}],"version-history":[{"count":95,"href":"https:\/\/true-ink.fr\/index.php?rest_route=\/wp\/v2\/pages\/5024\/revisions"}],"predecessor-version":[{"id":5624,"href":"https:\/\/true-ink.fr\/index.php?rest_route=\/wp\/v2\/pages\/5024\/revisions\/5624"}],"wp:attachment":[{"href":"https:\/\/true-ink.fr\/index.php?rest_route=%2Fwp%2Fv2%2Fmedia&parent=5024"}],"curies":[{"name":"wp","href":"https:\/\/api.w.org\/{rel}","templated":true}]}}