{"id":5005,"date":"2024-04-06T18:40:23","date_gmt":"2024-04-06T18:40:23","guid":{"rendered":"https:\/\/true-ink.fr\/?page_id=5005"},"modified":"2024-04-09T15:41:20","modified_gmt":"2024-04-09T15:41:20","slug":"soins-tatouages-v","status":"publish","type":"page","link":"https:\/\/true-ink.fr\/?page_id=5005","title":{"rendered":"Soins Tatouages"},"content":{"rendered":"\t\t<div data-elementor-type=\"wp-page\" data-elementor-id=\"5005\" class=\"elementor elementor-5005\" data-elementor-post-type=\"page\">\n\t\t\t\t\t\t\t\t\t<section class=\"elementor-section elementor-top-section elementor-element elementor-element-cbb1988 elementor-section-boxed elementor-section-height-default elementor-section-height-default qodef-elementor-content-no\" data-id=\"cbb1988\" data-element_type=\"section\">\n\t\t\t\t\t\t<div class=\"elementor-container elementor-column-gap-default\">\n\t\t\t\t\t<div class=\"elementor-column elementor-col-100 elementor-top-column elementor-element elementor-element-a667718\" data-id=\"a667718\" data-element_type=\"column\">\n\t\t\t<div class=\"elementor-widget-wrap elementor-element-populated\">\n\t\t\t\t\t\t\t\t<div class=\"elementor-element elementor-element-3631f8b elementor-widget elementor-widget-tristero_core_pricing_table\" data-id=\"3631f8b\" data-element_type=\"widget\" data-widget_type=\"tristero_core_pricing_table.default\">\n\t\t\t\t<div class=\"elementor-widget-container\">\n\t\t\t<div class=\"qodef-shortcode qodef-m  qodef-pricing-table qodef-layout--standard qodef-status--regular\" >\n\t<div class=\"qodef-m-inner\">\n\t\t\t<div class=\"qodef-m-title\">\n\t\t<p >SOINS<\/p>\n\t<\/div>\n\t\t\t<div class=\"qodef-m-price\">\n\t\t<div class=\"qodef-m-price-wrapper qodef-h2\" >\n\t\t\t<span class=\"qodef-m-price-value\">Informations<\/span>\n\t\t\t\t\t<\/div>\n\t<\/div>\n\t\t\t<div class=\"qodef-m-content\"><ul>\n \t<li style=\"text-align: left;\">Garder le cellophane 1h00 \u00e0 2h maximum.<\/li>\n \t<li style=\"text-align: left;\">Retirer le cellophane laver avec un savon PH neutre.<\/li>\n \t<li style=\"text-align: left;\">S\u00e9cher avec une serviette propre.<\/li>\n<\/ul>\n<ul>\n \t<li style=\"text-align: left;\">Durant 3 semaines laver le tatouage avec un savon pH neutre.<\/li>\n \t<li style=\"text-align: left;\">Appliquer une cr\u00e8me cicatrisante toujours les mains propres de type Bepanten, cicaplast ,cicalfate \u2026(3 fois par jour durant 2 \u00e0 3 semaines).\n<\/li>\n \t<li style=\"text-align: left;\">Ne pas gratter ou arracher les cro\u00fbtes.<\/li>\n<li style=\"text-align: left;\">Pas de bains de mer, piscine, rivi\u00e8re, sauna, hammam, pas d\u2019exposition au soleil durant les 2 \u00e0 3 semaines de cicatrisation.<\/li>\n<\/ul>\n\n<br>\n<h3>Pour toute question nous restons \u00e0 votre \u00e9coute<\/h3><\/div>\n\t\t\t<div class=\"qodef-m-button clear\">\n\t\t<a class=\"qodef-shortcode qodef-m  qodef-button qodef-layout--textual  qodef-html--link\" href=\"\" target=\"_self\"  >\t<span class=\"qodef-m-text\"><\/span><\/a>\t<\/div>\n\t<\/div>\n<\/div>\t\t<\/div>\n\t\t\t\t<\/div>\n\t\t\t\t\t<\/div>\n\t\t<\/div>\n\t\t\t\t\t\t\t<\/div>\n\t\t<\/section>\n\t\t\t\t\t\t\t<\/div>\n\t\t","protected":false},"excerpt":{"rendered":"<p>SOINS Informations Garder le cellophane 1h00 \u00e0 2h maximum. Retirer le cellophane laver avec un savon PH neutre. S\u00e9cher avec une serviette propre. Durant 3 semaines laver le tatouage avec un savon pH neutre. Appliquer une cr\u00e8me cicatrisante toujours les mains propres de type Bepanten, cicaplast ,cicalfate \u2026(3 fois par jour durant 2 \u00e0 3 [&hellip;]<\/p>\n","protected":false},"author":1,"featured_media":0,"parent":0,"menu_order":0,"comment_status":"closed","ping_status":"closed","template":"page-full-width.php","meta":{"footnotes":""},"class_list":["post-5005","page","type-page","status-publish","hentry"],"_links":{"self":[{"href":"https:\/\/true-ink.fr\/index.php?rest_route=\/wp\/v2\/pages\/5005","targetHints":{"allow":["GET"]}}],"collection":[{"href":"https:\/\/true-ink.fr\/index.php?rest_route=\/wp\/v2\/pages"}],"about":[{"href":"https:\/\/true-ink.fr\/index.php?rest_route=\/wp\/v2\/types\/page"}],"author":[{"embeddable":true,"href":"https:\/\/true-ink.fr\/index.php?rest_route=\/wp\/v2\/users\/1"}],"replies":[{"embeddable":true,"href":"https:\/\/true-ink.fr\/index.php?rest_route=%2Fwp%2Fv2%2Fcomments&post=5005"}],"version-history":[{"count":26,"href":"https:\/\/true-ink.fr\/index.php?rest_route=\/wp\/v2\/pages\/5005\/revisions"}],"predecessor-version":[{"id":5129,"href":"https:\/\/true-ink.fr\/index.php?rest_route=\/wp\/v2\/pages\/5005\/revisions\/5129"}],"wp:attachment":[{"href":"https:\/\/true-ink.fr\/index.php?rest_route=%2Fwp%2Fv2%2Fmedia&parent=5005"}],"curies":[{"name":"wp","href":"https:\/\/api.w.org\/{rel}","templated":true}]}}